hat is the remainder when 258 is divided by 52?
50
Calculate the remainder when 9100 is divided by 82.
80
Calculate the remainder when 589 is divided by 33.
28
Calculate the remainder when 538 is divided by 138.
124
Calculate the remainder when 45 is divided by 16.
13
What is the remainder when 493 is divided by 11?
9
Calculate the remainder when 129 is divided by 42.
3
What is the remainder when 2465 is divided by 273?
8
Calculate the remainder when 103 is divided by 4.
3
Calculate the remainder when 372 is divided by 17.
15
Calculate the remainder when 191 is divided by 96.
95
Calculate the remainder when 121 is divided by 26.
17
Calculate the remainder when 82 is divided by 39.
4
Calculate the remainder when 645 is divided by 315.
15
What is the remainder when 26 is divided by 12?
2
What is the remainder when 6 is divided by 2?
0
What is the remainder when 265 is divided by 96?
73
Calculate the remainder when 1807 is divided by 16.
15
Calculate the remainder when 994 is divided by 9.
4
Calculate the remainder when 358 is divided by 9.
7
What is the remainder when 96 is divided by 50?
46
What is the remainder when 26 is divided by 7?
5
What is the remainder when 506 is divided by 74?
62
What is the remainder when 1898 is divided by 303?
80
What is the remainder when 192 is divided by 67?
58
What is the remainder when 324 is divided by 77?
16
What is the remainder when 2190 is divided by 38?
24
Calculate the remainder when 1126 is divided by 24.
22
Calculate the remainder when 111 is divided by 38.
35
What is the remainder when 172 is divided by 144?
28
What is the remainder when 447 is divided by 87?
12
What is the remainder when 139 is divided by 82?
57
Calculate the remainder when 623 is divided by 20.
3
Calculate the remainder when 87 is divided by 10.
7
Calculate the remainder when 923 is divided by 188.
171
What is the remainder when 232 is divided by 88?
56
Calculate the remainder when 2971 is divided by 24.
19
What is the remainder when 618 is divided by 204?
6
Calculate the remainder when 56 is divided by 23.
10
What is the remainder when 218 is divided by 37?
33
Calculate the remainder when 378 is divided by 10.
8
What is the remainder when 31 is divided by 11?
9
Calculate the remainder when 734 is divided by 32.
30
What is the remainder when 536 is divided by 67?
0
Calculate the remainder when 266 is divided by 23.
13
Calculate the remainder when 1489 is divided by 21.
19
Calculate the remainder when 226 is divided by 12.
10
What is the remainder when 357 is divided by 20?
17
Calculate the remainder when 251 is divided by 118.
15
Calculate the remainder when 1675 is divided by 539.
58
What is the remainder when 1059 is divided by 87?
15
What is the remainder when 1888 is divided by 61?
58
Calculate the remainder when 2999 is divided by 55.
29
Calculate the remainder when 242 is divided by 31.
25
Calculate the remainder when 461 is divided by 16.
13
Calculate the remainder when 406 is divided by 119.
49
Calculate the remainder when 71 is divided by 52.
19
What is the remainder when 179 is divided by 20?
19
Calculate the remainder when 191 is divided by 8.
7
Calculate the remainder when 8415 is divided by 72.
63
Calculate the remainder when 359 is divided by 9.
8
What is the remainder when 158 is divided by 37?
10
Calculate the remainder when 116 is divided by 51.
14
Calculate the remainder when 93 is divided by 16.
13
Calculate the remainder when 80 is divided by 5.
0
What is the remainder when 47 is divided by 27?
20
Calculate the remainder when 211 is divided by 54.
49
What is the remainder when 255 is divided by 43?
40
Calculate the remainder when 250 is divided by 132.
118
Calculate the remainder when 1029 is divided by 203.
14
Calculate the remainder when 47 is divided by 20.
7
Calculate the remainder when 637 is divided by 5.
2
Calculate the remainder when 440 is divided by 26.
24
What is the remainder when 676 is divided by 357?
319
Calculate the remainder when 2072 is divided by 5.
2
Calculate the remainder when 645 is divided by 24.
21
What is the remainder when 142 is divided by 32?
14
What is the remainder when 2575 is divided by 216?
199
What is the remainder when 3831 is divided by 62?
49
Calculate the remainder when 6290 is divided by 242.
240
Calculate the remainder when 351 is divided by 100.
51
What is the remainder when 192 is divided by 20?
12
Calculate the remainder when 141 is divided by 45.
6
Calculate the remainder when 1160 is divided by 84.
68
Calculate the remainder when 264 is divided by 67.
63
Calculate the remainder when 4313 is divided by 33.
23
Calculate the remainder when 2990 is divided by 187.
185
What is the remainder when 188 is divided by 27?
26
What is the remainder when 410 is divided by 83?
78
What is the remainder when 3576 is divided by 179?
175
What is the remainder when 9456 is divided by 110?
106
Calculate the remainder when 223 is divided by 15.
13
What is the remainder when 486 is divided by 157?
15
What is the remainder when 989 is divided by 62?
59
Calculate the remainder when 5565 is divided by 96.
93
Calculate the remainder when 273 is divided by 129.
15
What is the remainder when 853 is divided by 425?
3
Calculate the remainder when 3100 is divided by 194.
190
Calculate the remainder when 421 is divided by 261.
160
Calculate the remainder when 646 is divided by 167.
145
What is the remainder when 187 is divided by 182?
5
Calculate the remainder when 98 is divided by 91.
7
Calculate the remainder when 1342 is divided by 388.
178
What is the remainder when 428 is divided by 196?
36
Calculate the remainder when 606 is divided by 194.
24
Calculate the remainder when 671 is divided by 130.
21
What is the remainder when 1996 is divided by 9?
7
What is the remainder when 89 is divided by 7?
5
Calculate the remainder when 30 is divided by 15.
0
Calculate the remainder when 354 is divided by 45.
39
Calculate the remainder when 208 is divided by 54.
46
Calculate the remainder when 727 is divided by 52.
51
Calculate the remainder when 535 is divided by 46.
29
What is the remainder when 2177 is divided by 99?
98
What is the remainder when 149 is divided by 76?
73
What is the remainder when 160 is divided by 82?
78
What is the remainder when 13074 is divided by 29?
24
Calculate the remainder when 18940 is divided by 41.
39
What is the remainder when 731 is divided by 119?
17
Calculate the remainder when 663 is divided by 220.
3
What is the remainder when 107 is divided by 42?
23
What is the remainder when 545 is divided by 12?
5
Calculate the remainder when 10211 is divided by 23.
22
What is the remainder when 8358 is divided by 74?
70
What is the remainder when 257 is divided by 33?
26
What is the remainder when 1946 is divided by 56?
42
Calculate the remainder when 1384 is divided by 77.
75
Calculate the remainder when 23 is divided by 12.
11
What is the remainder when 68 is divided by 25?
18
What is the remainder when 495 is divided by 63?
54
What is the remainder when 475 is divided by 10?
5
What is the remainder when 2995 is divided by 24?
19
What is the remainder when 1760 is divided by 438?
8
Calculate the remainder when 82 is divided by 43.
39
What is the remainder when 887 is divided by 111?
110
Calculate the remainder when 103 is divided by 51.
1
What is the remainder when 243 is divided by 116?
11
Calculate the remainder when 688 is divided by 35.
23
What is the remainder when 261 is divided by 44?
41
Calculate the remainder when 665 is divided by 6.
5
Calculate the remainder when 6546 is divided by 25.
21
What is the remainder when 324 is divided by 64?
4
Calculate the remainder when 225 is divided by 216.
9
What is the remainder when 1190 is divided by 1189?
1
What is the remainder when 131 is divided by 11?
10
What is the remainder when 203 is divided by 67?
2
Calculate the remainder when 576 is divided by 80.
16
Calculate the remainder when 1630 is divided by 24.
22
Calculate the remainder when 246 is divided by 19.
18
What is the remainder when 9 is divided by 9?
0
Calculate the remainder when 1099 is divided by 58.
55
Calculate the remainder when 440 is divided by 32.
24
What is the remainder when 1230 is divided by 13?
8
Calculate the remainder when 9807 is divided by 109